{"id":34,"date":"2025-06-23T20:42:08","date_gmt":"2025-06-23T20:42:08","guid":{"rendered":"http:\/\/www.frantisekhais.cz\/?page_id=34"},"modified":"2025-06-23T20:42:08","modified_gmt":"2025-06-23T20:42:08","slug":"flasinet-v-praze","status":"publish","type":"page","link":"https:\/\/www.frantisekhais.cz\/?page_id=34","title":{"rendered":"Fla\u0161inet v Praze"},"content":{"rendered":"<p data-pm-slice=\"1 1 []\">Fla\u0161inet \u2013 jednoduch\u00fd mechanick\u00fd hudebn\u00ed n\u00e1stroj \u2013 se v 19. stolet\u00ed stal b\u011b\u017enou sou\u010d\u00e1st\u00ed ulic evropsk\u00fdch m\u011bst. V Praze byl sly\u0161et na tr\u017ei\u0161t\u00edch, u kostel\u016f, v podloub\u00edch dom\u016f i u hospod. Jeho hudba oslovovala lidi nap\u0159\u00ed\u010d spole\u010densk\u00fdmi vrstvami.<\/p>\n<p>Fla\u0161inet\u00e1\u0159i jako Franti\u0161ek Hais \u010dasto nebyli profesion\u00e1ln\u00edmi hudebn\u00edky, ale nositeli kultury a n\u00e1lady. Jejich role v kulturn\u00ed krajin\u011b m\u011bsta b\u00fdv\u00e1 opom\u00edjen\u00e1, ale byla skute\u010dn\u00e1 \u2013 a sly\u0161iteln\u00e1.<\/p>\n<p>Dnes si jen t\u011b\u017eko p\u0159edstav\u00edme, jak zn\u011bla Praha bez r\u00e1dia, internetu a mobiln\u00edch telefon\u016f. Tehdy to byli pr\u00e1v\u011b lid\u00e9 jako Franti\u0161ek Hais, kte\u0159\u00ed p\u0159in\u00e1\u0161eli zvuk tam, kde byl ticho.<\/p>\n","protected":false},"excerpt":{"rendered":"<p>Fla\u0161inet \u2013 jednoduch\u00fd mechanick\u00fd hudebn\u00ed n\u00e1stroj \u2013 se v 19. stolet\u00ed stal b\u011b\u017enou sou\u010d\u00e1st\u00ed ulic evropsk\u00fdch m\u011bst. V Praze byl sly\u0161et na tr\u017ei\u0161t\u00edch, u kostel\u016f, v podloub\u00edch dom\u016f i u hospod. Jeho hudba oslovovala lidi nap\u0159\u00ed\u010d spole\u010densk\u00fdmi vrstvami. Fla\u0161inet\u00e1\u0159i jako Franti\u0161ek Hais \u010dasto nebyli profesion\u00e1ln\u00edmi hudebn\u00edky, ale nositeli kultury a n\u00e1lady. Jejich role v kulturn\u00ed&hellip;&nbsp;<a href=\"https:\/\/www.frantisekhais.cz\/?page_id=34\" rel=\"bookmark\"><span class=\"screen-reader-text\">Fla\u0161inet v Praze<\/span><\/a><\/p>\n","protected":false},"author":1,"featured_media":0,"parent":0,"menu_order":0,"comment_status":"closed","ping_status":"closed","template":"","meta":{"neve_meta_sidebar":"","neve_meta_container":"","neve_meta_enable_content_width":"off","neve_meta_content_width":100,"neve_meta_title_alignment":"","neve_meta_author_avatar":"","neve_post_elements_order":"","neve_meta_disable_header":"","neve_meta_disable_footer":"","neve_meta_disable_title":"","footnotes":""},"class_list":["post-34","page","type-page","status-publish","hentry"],"_links":{"self":[{"href":"https:\/\/www.frantisekhais.cz\/index.php?rest_route=\/wp\/v2\/pages\/34","targetHints":{"allow":["GET"]}}],"collection":[{"href":"https:\/\/www.frantisekhais.cz\/index.php?rest_route=\/wp\/v2\/pages"}],"about":[{"href":"https:\/\/www.frantisekhais.cz\/index.php?rest_route=\/wp\/v2\/types\/page"}],"author":[{"embeddable":true,"href":"https:\/\/www.frantisekhais.cz\/index.php?rest_route=\/wp\/v2\/users\/1"}],"replies":[{"embeddable":true,"href":"https:\/\/www.frantisekhais.cz\/index.php?rest_route=%2Fwp%2Fv2%2Fcomments&post=34"}],"version-history":[{"count":1,"href":"https:\/\/www.frantisekhais.cz\/index.php?rest_route=\/wp\/v2\/pages\/34\/revisions"}],"predecessor-version":[{"id":36,"href":"https:\/\/www.frantisekhais.cz\/index.php?rest_route=\/wp\/v2\/pages\/34\/revisions\/36"}],"wp:attachment":[{"href":"https:\/\/www.frantisekhais.cz\/index.php?rest_route=%2Fwp%2Fv2%2Fmedia&parent=34"}],"curies":[{"name":"wp","href":"https:\/\/api.w.org\/{rel}","templated":true}]}}