{"id":20,"date":"2025-06-23T20:24:35","date_gmt":"2025-06-23T20:24:35","guid":{"rendered":"http:\/\/www.frantisekhais.cz\/?page_id=20"},"modified":"2025-06-23T20:40:34","modified_gmt":"2025-06-23T20:40:34","slug":"o-projektu","status":"publish","type":"page","link":"https:\/\/www.frantisekhais.cz\/?page_id=20","title":{"rendered":"O projektu"},"content":{"rendered":"<p data-pm-slice=\"1 1 []\">Tento web vznikl jako osobn\u00ed iniciativa jednoho z potomk\u016f Franti\u0161ka Haise. Jeho c\u00edlem je uchovat pam\u00e1tku na mu\u017ee, jeho\u017e jm\u00e9no se dochovalo v rodinn\u00e9 pam\u011bti i v n\u011bkolika archivn\u00edch zm\u00ednk\u00e1ch.<\/p>\n<p>Jde o mal\u00fd digit\u00e1ln\u00ed pomn\u00edk, kter\u00fd m\u00e1 p\u0159ibl\u00ed\u017eit nejen jeho samotn\u00e9ho, ale tak\u00e9 dobu, v n\u00ed\u017e \u017eil. A p\u0159ipomenout, \u017ee i ti, kdo nem\u011bli \u017e\u00e1dn\u00e9 tituly a funkce, byli sou\u010d\u00e1st\u00ed \u017eivota m\u011bsta a m\u011bli sv\u016fj p\u0159\u00edb\u011bh.<\/p>\n","protected":false},"excerpt":{"rendered":"<p>Tento web vznikl jako osobn\u00ed iniciativa jednoho z potomk\u016f Franti\u0161ka Haise. Jeho c\u00edlem je uchovat pam\u00e1tku na mu\u017ee, jeho\u017e jm\u00e9no se dochovalo v rodinn\u00e9 pam\u011bti i v n\u011bkolika archivn\u00edch zm\u00ednk\u00e1ch. Jde o mal\u00fd digit\u00e1ln\u00ed pomn\u00edk, kter\u00fd m\u00e1 p\u0159ibl\u00ed\u017eit nejen jeho samotn\u00e9ho, ale tak\u00e9 dobu, v n\u00ed\u017e \u017eil. A p\u0159ipomenout, \u017ee i ti, kdo nem\u011bli \u017e\u00e1dn\u00e9&hellip;&nbsp;<a href=\"https:\/\/www.frantisekhais.cz\/?page_id=20\" rel=\"bookmark\"><span class=\"screen-reader-text\">O projektu<\/span><\/a><\/p>\n","protected":false},"author":1,"featured_media":0,"parent":0,"menu_order":0,"comment_status":"closed","ping_status":"closed","template":"","meta":{"neve_meta_sidebar":"","neve_meta_container":"","neve_meta_enable_content_width":"off","neve_meta_content_width":100,"neve_meta_title_alignment":"","neve_meta_author_avatar":"","neve_post_elements_order":"","neve_meta_disable_header":"","neve_meta_disable_footer":"","neve_meta_disable_title":"","footnotes":""},"class_list":["post-20","page","type-page","status-publish","hentry"],"_links":{"self":[{"href":"https:\/\/www.frantisekhais.cz\/index.php?rest_route=\/wp\/v2\/pages\/20","targetHints":{"allow":["GET"]}}],"collection":[{"href":"https:\/\/www.frantisekhais.cz\/index.php?rest_route=\/wp\/v2\/pages"}],"about":[{"href":"https:\/\/www.frantisekhais.cz\/index.php?rest_route=\/wp\/v2\/types\/page"}],"author":[{"embeddable":true,"href":"https:\/\/www.frantisekhais.cz\/index.php?rest_route=\/wp\/v2\/users\/1"}],"replies":[{"embeddable":true,"href":"https:\/\/www.frantisekhais.cz\/index.php?rest_route=%2Fwp%2Fv2%2Fcomments&post=20"}],"version-history":[{"count":2,"href":"https:\/\/www.frantisekhais.cz\/index.php?rest_route=\/wp\/v2\/pages\/20\/revisions"}],"predecessor-version":[{"id":33,"href":"https:\/\/www.frantisekhais.cz\/index.php?rest_route=\/wp\/v2\/pages\/20\/revisions\/33"}],"wp:attachment":[{"href":"https:\/\/www.frantisekhais.cz\/index.php?rest_route=%2Fwp%2Fv2%2Fmedia&parent=20"}],"curies":[{"name":"wp","href":"https:\/\/api.w.org\/{rel}","templated":true}]}}