{"id":16,"date":"2025-06-23T20:23:57","date_gmt":"2025-06-23T20:23:57","guid":{"rendered":"http:\/\/www.frantisekhais.cz\/?page_id=16"},"modified":"2025-06-23T20:39:42","modified_gmt":"2025-06-23T20:39:42","slug":"zivotni-pribeh","status":"publish","type":"page","link":"https:\/\/www.frantisekhais.cz\/?page_id=16","title":{"rendered":"\u017divotn\u00ed p\u0159\u00edb\u011bh"},"content":{"rendered":"<p data-pm-slice=\"1 1 []\">Franti\u0161ek Hais se narodil roku 1805 v Praze. Cel\u00fd sv\u016fj \u017eivot str\u00e1vil ve m\u011bst\u011b, kter\u00e9 tehdy za\u017e\u00edvalo bou\u0159liv\u00fd rozvoj \u2013 od napoleonsk\u00fdch v\u00e1lek a\u017e po po\u010d\u00e1tky industrializace.<\/p>\n<p>\u017divil se jako fla\u0161inet\u00e1\u0159 \u2013 tedy pouli\u010dn\u00ed muzikant, kter\u00fd rozt\u00e1\u010del v\u00e1lce s melodiemi a nech\u00e1val hudbu linout se mezi domy. V dob\u011b, kdy v\u011bt\u0161ina lid\u00ed nem\u011bla p\u0159\u00edstup k \u017eiv\u00e9 hudb\u011b, byli tito hudebn\u00edci d\u016fle\u017eitou sou\u010d\u00e1st\u00ed ka\u017edodenn\u00edho \u017eivota. Franti\u0161ek Hais byl jedn\u00edm z nich.<\/p>\n<p>Zem\u0159el v roce 1873 a je poh\u0159ben na Ol\u0161ansk\u00fdch h\u0159bitovech v Praze. Jeho hrob je tichou p\u0159ipom\u00ednkou \u010dlov\u011bka, kter\u00fd tvo\u0159il zvukovou kulisu m\u011bsta v dob\u011b, kdy fla\u0161inet pat\u0159il ke ka\u017edodenn\u00ed realit\u011b.<\/p>\n","protected":false},"excerpt":{"rendered":"<p>Franti\u0161ek Hais se narodil roku 1805 v Praze. Cel\u00fd sv\u016fj \u017eivot str\u00e1vil ve m\u011bst\u011b, kter\u00e9 tehdy za\u017e\u00edvalo bou\u0159liv\u00fd rozvoj \u2013 od napoleonsk\u00fdch v\u00e1lek a\u017e po po\u010d\u00e1tky industrializace. \u017divil se jako fla\u0161inet\u00e1\u0159 \u2013 tedy pouli\u010dn\u00ed muzikant, kter\u00fd rozt\u00e1\u010del v\u00e1lce s melodiemi a nech\u00e1val hudbu linout se mezi domy. V dob\u011b, kdy v\u011bt\u0161ina lid\u00ed nem\u011bla p\u0159\u00edstup k&hellip;&nbsp;<a href=\"https:\/\/www.frantisekhais.cz\/?page_id=16\" rel=\"bookmark\"><span class=\"screen-reader-text\">\u017divotn\u00ed p\u0159\u00edb\u011bh<\/span><\/a><\/p>\n","protected":false},"author":1,"featured_media":0,"parent":0,"menu_order":0,"comment_status":"closed","ping_status":"closed","template":"","meta":{"neve_meta_sidebar":"","neve_meta_container":"","neve_meta_enable_content_width":"off","neve_meta_content_width":100,"neve_meta_title_alignment":"","neve_meta_author_avatar":"","neve_post_elements_order":"","neve_meta_disable_header":"","neve_meta_disable_footer":"","neve_meta_disable_title":"","footnotes":""},"class_list":["post-16","page","type-page","status-publish","hentry"],"_links":{"self":[{"href":"https:\/\/www.frantisekhais.cz\/index.php?rest_route=\/wp\/v2\/pages\/16","targetHints":{"allow":["GET"]}}],"collection":[{"href":"https:\/\/www.frantisekhais.cz\/index.php?rest_route=\/wp\/v2\/pages"}],"about":[{"href":"https:\/\/www.frantisekhais.cz\/index.php?rest_route=\/wp\/v2\/types\/page"}],"author":[{"embeddable":true,"href":"https:\/\/www.frantisekhais.cz\/index.php?rest_route=\/wp\/v2\/users\/1"}],"replies":[{"embeddable":true,"href":"https:\/\/www.frantisekhais.cz\/index.php?rest_route=%2Fwp%2Fv2%2Fcomments&post=16"}],"version-history":[{"count":2,"href":"https:\/\/www.frantisekhais.cz\/index.php?rest_route=\/wp\/v2\/pages\/16\/revisions"}],"predecessor-version":[{"id":32,"href":"https:\/\/www.frantisekhais.cz\/index.php?rest_route=\/wp\/v2\/pages\/16\/revisions\/32"}],"wp:attachment":[{"href":"https:\/\/www.frantisekhais.cz\/index.php?rest_route=%2Fwp%2Fv2%2Fmedia&parent=16"}],"curies":[{"name":"wp","href":"https:\/\/api.w.org\/{rel}","templated":true}]}}